s the highest common factor of 24 and w?
6
Suppose 3*c + 2 = 4*c. Suppose l = -z + 79, -3*l - 187 = -c*z - 49. Let t = z - 39. Calculate the highest common factor of t and 12.
12
Let d = 144 + -130. Let v = -10 + 16. Let r(p) = -p**3 + 6*p**2 + 5*p - 2. Let l be r(v). Calculate the greatest common divisor of d and l.
14
Suppose 0 = 2*f - f - 6. Suppose 4*l = l + f. Let k(b) = -5*b**3 + 2*b**2 - 1. Let i be k(-1). Calculate the greatest common factor of i and l.
2
Let b(g) = -5*g**2 - 3*g - 4. Let i(r) = 14*r**2 + 10*r + 11. Let h(o) = -11*b(o) - 4*i(o). Let a be h(-6). What is the greatest common factor of 66 and a?
6
Suppose 3*j - 31 + 7 = 0. What is the greatest common divisor of 8 and j?
8
Suppose -2*t + 6*t - 12 = 0. What is the greatest common factor of 24 and t?
3
Let w(u) = 4*u. Let s be w(7). Let n = s - 4. Calculate the highest common factor of n and 16.
8
Let y(s) = -s**2 + 14*s - 9. Let o be y(11). Suppose -f = -0 - o. What is the highest common divisor of f and 8?
8
Let o be 13/(1 - (-1 - 0) - 1). What is the greatest common factor of o and 143?
13
Suppose -20 = 5*d - 7*d. What is the highest common factor of 5 and d?
5
Let s = -17 - -21. Calculate the greatest common divisor of s and 2.
2
Let o = -3 + 12. Suppose 250 - 70 = 4*r. Calculate the highest common factor of r and o.
9
Let u(z) = 2*z**3 - 4*z**2 + z + 4. Let v be u(3). Let s = 61 - v. Suppose 9*r + 24 = 10*r. What is the highest common divisor of s and r?
12
Let s be (-47)/(-5) - (110/25 - 4). Calculate the highest common factor of s and 36.
9
Let y(q) = 3*q**3 + q + 5. Let h be y(5). What is the highest common divisor of 55 and h?
55
Let w(z) = 3*z**2 - 7*z + 1. Let f be w(-3). Calculate the greatest common factor of f and 7.
7
Let b be 4 + 0 + (18 - 11). Calculate the highest common factor of b and 1.
1
Let x(h) = -7*h**3 + 5*h - 4*h - 6*h**3. Let i be x(-1). What is the highest common factor of i and 12?
12
Suppose -4*i = -25 - 3. Calculate the highest common factor of 7 and i.
7
Let n(f) = -5*f - 3. Let r be n(-2). What is the highest common divisor of 21 and r?
7
Suppose -3*d + 5*n = -34, 0 = 5*d + 5*n + 5 - 35. Let v(k) = 4*k - 16. Let f be v(d). Calculate the highest common divisor of 16 and f.
16
Suppose -t + 5*k + 17 = 0, 5*k + 17 = -3*t + 48. Suppose 29 = 3*p + n - 48, 91 = 4*p - n. Calculate the greatest common factor of t and p.
12
Suppose 5 = -o + 3*n, 3*o + 4*n + 9 = 33. Suppose o*y - 3*y = 0. Let x(z) = -z**2 - z + 1. Let f be x(y). Calculate the greatest common factor of 4 and f.
1
Let n(w) = 7*w - w**2 - w**2 - 4*w**3 + 7*w**2 - 3*w + 3. Let o be n(-3). What is the highest common divisor of 16 and o?
16
Let h be (5 + -1 + 0)/(15/720). What is the highest common divisor of 12 and h?
12
Suppose 2*r = -d - 2*r + 116, 0 = 3*d - 5*r - 314. Let o(j) = -j**2 + 10*j - 9. Let t = -3 - -10. Let x be o(t). Calculate the highest common factor of d and x.
12
Let s be ((-192)/18)/(1/(-3)). Suppose -3*r - r = -s. What is the highest common factor of r and 88?
8
Suppose -13 = -m - 2*w, -6*w = -w + 15. Calculate the greatest common factor of m and 19.
19
Suppose -t = -0 + 1. Let m be 1*(43 + t)*6. What is the greatest common divisor of 28 and m?
28
Suppose 2*f - 5*g - 363 = 0, -4*f = -f + 4*g - 579. Calculate the highest common divisor of 21 and f.
21
Suppose -122 = -4*g + 90. Suppose 7 = 4*k - g. Suppose 4*s = 8 + 16. What is the highest common divisor of k and s?
3
Let i = 20 - 2. Let n(l) = l**3 - 3*l + 1. Let m be n(2). Let d = m + -1. Calculate the highest common divisor of d and i.
2
Suppose 0 = a - 6*a + 25. Let o(i) = i**3 - 6*i**2 + 5*i + 5. Let x be o(a). Calculate the highest common factor of x and 5.
5
Let d(i) = 20*i - 2. Let k be d(2). Calculate the highest common divisor of 19 and k.
19
Let i = 190 + -85. Suppose 0 = -2*t + 3*t - i. Let d be (0/1 + -3)*-5. Calculate the highest common divisor of d and t.
15
Let r be (1/(-2))/((6/(-44))/3). Calculate the greatest common divisor of r and 22.
11
Suppose -58 = -2*o + 50. Calculate the greatest common factor of o and 18.
18
Suppose -2*d - 19 = -4*l + 33, -2*l + 5*d = -18. Calculate the highest common factor of 70 and l.
14
Let x = 5 - 2. Suppose x*i + 0*i - 21 = 0. Let m be 1/(-2)*(-153 - 1). What is the greatest common factor of m and i?
7
Let x be 1 + 676/2 - -2. Calculate the greatest common divisor of 31 and x.
31
Suppose -2*g + 96 = -0*g. Let k be (-6)/(-15)*5*1. Suppose w - k = 4. Calculate the highest common divisor of w and g.
6
Let c = 52 + -25. Let g = c - 2. What is the greatest common divisor of g and 5?
5
Let z(c) = 2*c - 3. Let l be z(2). Let o be 2 - (4 + -3 - -1). Suppose 0*q - 4*q + 36 = o. What is the greatest common divisor of q and l?
1
Let z be -3 - ((-2 - 1) + -2). Let n = -12 - -20. Calculate the highest common divisor of z and n.
2
Let t = 82 + -43. What is the highest common divisor of t and 195?
39
Let h(w) = 3*w + 4. Let p be h(-6). Let s be 4/p - 443/(-7). Calculate the highest common factor of s and 9.
9
Suppose 0 = 5*i + 2*b - 3 - 87, b = -i + 21. Suppose 2*l - l - 48 = 0. Calculate the highest common factor of i and l.
16
Suppose 0 = q + 38 - 11. Suppose -542 + 200 = -6*m. Let c = q + m. Calculate the greatest common divisor of 75 and c.
15
Suppose -68 = -2*h + 12. Let z = -5 + h. What is the greatest common divisor of z and 5?
5
Let o be 4 - (-6)/(-10)*5. Let m be 0/(-1)*(-3 + 2). Let y = 1 - m. What is the highest common divisor of o and y?
1
Let g be 5 - (3 - 3 - -2). Calculate the greatest common divisor of g and 24.
3
Suppose -5*v = 0, 5*k = 4*v + 408 + 477. Suppose 3*d - k = 4*z, z - 43 = -d - 3*z. What is the highest common divisor of 5 and d?
5
Let i(g) = -g**2 + 4*g + 1. Let c be i(2). Suppose 5*p + 2*l - 158 = 0, -122 = -c*p + l + 24. What is the highest common factor of 6 and p?
6
Suppose -3*f = 5*k - 300 - 161, 2*f - 329 = k. Calculate the highest common factor of f and 18.
18
Let b = -15 + 26. Let u = b - 4. What is the greatest common divisor of u and 1?
1
Let t = -18 - -26. Suppose -50 = -t*y + 3*y. Calculate the highest common factor of 80 and y.
10
Let v = -162 + 280. Suppose -t + 43 = 4*f, -4*t = -t + f - v. Let d = t - 9. What is the greatest common divisor of d and 10?
10
Suppose 3*m - 5*g = 100, -m + 33 = -3*g + g. Calculate the greatest common factor of 7 and m.
7
Let u = 4 + -12. Let l be u/(-4) + 15 - 1. What is the highest common factor of 144 and l?
16
Let k = -2 + 3. Let o(f) = 5*f + 3. Let j be o(3). Suppose 2*r + k = 3*h - 1, -5*r + j = 4*h. Calculate the highest common factor of h and 3.
1
Suppose -4*i - 11 - 1 = 0. Let y be 6*3*i/(-27). Suppose 96 + 272 = y*s. Calculate the highest common factor of 23 and s.
23
Suppose 4*b - 3*d = 69, 0*b - 3*b = d - 55. What is the highest common factor of b and 198?
18
Let t(x) = x**3 + 7*x**2 + 6*x - 7. Let d be t(-5). Let w = -12 + 25. Calculate the highest common divisor of d and w.
13
Let t = 37 - 14. Let i(s) = 7*s**2 + 1. Let l be i(-6). Calculate the greatest common divisor of l and t.
23
Suppose d = -4*d + 50. Suppose u - 3 = d. Calculate the greatest common factor of 91 and u.
13
Suppose 2*h - h - 55 = -4*n, 2 = 2*n. What is the greatest common factor of 17 and h?
17
Let x = 83 + -47. Suppose 5*f - 5*b = -25, -2*f - 5*b - 3 = -0*b. Let q = f + 8. What is the greatest common factor of q and x?
4
Let a be (0 + -1)/(1/5). Let f = a + 4. Let g be (f/(-2))/((-3)/(-6)). What is the highest common divisor of 1 and g?
1
Let f = 82 + -50. Suppose -2*r = -r - f. Calculate the highest common divisor of r and 8.
8
Suppose -2*w + 5*v + 27 = 0, 4*v - 14 = -2. Calculate the greatest common factor of w and 3.
3
Let n(j) = 2*j**2 + 8*j - 4. Let t be n(-6). Let i be (6/5)/(1/t). What is the highest common divisor of 3 and i?
3
Let w be 33/(-22)*16/(-6). Suppose -b + 13 = w*j + 2*b, 2*b = -10. Suppose 0*l + 2*l = 2. What is the highest common divisor of l and j?
1
Let q = -46 + 200. Let o(b) = 7*b - 6. Let n = 0 + 4. Let a be o(n). What is the highest common factor of a and q?
22
Let g be (-12)/((-1)/(-4) + -1). Let u = 6 + -2. What is the greatest common divisor of g and u?
4
Let k(t) = 5*t + 3. Let x be k(1). Calculate the greatest common divisor of 20 and x.
4
Let y be 1/(1 - 0) - -17. Let z = y - 10. What is the grea